{"id":21,"date":"2019-07-16T10:31:53","date_gmt":"2019-07-16T10:31:53","guid":{"rendered":"https:\/\/psychotherapie-bliem.at\/?page_id=21"},"modified":"2019-07-16T11:03:53","modified_gmt":"2019-07-16T11:03:53","slug":"impressum","status":"publish","type":"page","link":"https:\/\/psychotherapie-bliem.at\/index.php\/impressum\/","title":{"rendered":"Impressum"},"content":{"rendered":"\n<p class=\"has-small-font-size\">Information gem\u00e4\u00df \u00a7 5 E-Commerce-Gesetz und Offenlegung gem\u00e4\u00df \u00a7 25 Mediengesetz<br>Diensteanbieter und Medieninhaber, f\u00fcr den Inhalt verantwortlich<\/p>\n\n\n\n<p class=\"has-small-font-size\">Mag. G\u00fcnther Bliem<br>Praxis f\u00fcr Psychotherapie<\/p>\n\n\n\n<p class=\"has-small-font-size\">Siedlung 139<br>4843 Ampflwang<\/p>\n\n\n\n<p class=\"has-small-font-size\">Mobile: +43 680 2101267<br>Email: praxis@psychotherapie-bliem.at<br>Web: http:\/\/www.psychotherapie-bliem.at<\/p>\n\n\n\n<p>Haftungsausschluss<\/p>\n\n\n\n<p class=\"has-small-font-size\">Alle Angaben in diesem Dokument\/Website dienen nur der Erstinformation und k\u00f6nnen keine rechtliche oder sonstige Beratung sein oder ersetzen. Daher \u00fcbernehmen wir keine Haftung f\u00fcr allf\u00e4lligen Schadenersatz.<\/p>\n\n\n\n<p>Urheberrecht<\/p>\n\n\n\n<p class=\"has-small-font-size\">Die durch Psythera OG beziehungsweise www.psychotherapie-bliem.at erstellten Inhalte und Werke auf diesen Seiten unterliegen dem \u00f6sterreichischen Urheberrecht und anderen Schutzgesetzen. Die Vervielf\u00e4ltigung, Bearbeitung, Verbreitung und jede Art der Verwertung au\u00dferhalb der Grenzen des Urheberrechts bed\u00fcrfen der schriftlichen Zustimmung des jeweiligen Autors beziehungsweise Erstellers. Kein Teil der Seite darf in irgendeiner Form ohne schriftliche Genehmigung reproduziert oder unter Verwendung elektronischer Systeme verarbeitet, vervielf\u00e4ltigt oder sonst wie verbreitet werden. Der Inhalt dieser Website darf nicht zu kommerziellen Zwecken kopiert, verbreitet, ver\u00e4ndert oder Dritten zug\u00e4nglich gemacht werden. Soweit die Inhalte auf dieser Seite nicht vom Seitenbetreiber erstellt wurden, werden die Urheberrechte Dritter beachtet. Insbesondere werden Inhalte Dritter als solche gekennzeichnet. Sollten Sie trotzdem auf eine Urheberrechtsverletzung aufmerksam werden, bitten wir um einen entsprechenden Hinweis. Bei Bekanntwerden von Rechtsverletzungen werden wir derartige Inhalte umgehend entfernen.<\/p>\n\n\n\n<p>Haftung f\u00fcr Inhalte<\/p>\n\n\n\n<p class=\"has-small-font-size\">Die Inhalte unserer Seiten wurden mit gr\u00f6\u00dfter Sorgfalt erstellt. F\u00fcr die Richtigkeit, Vollst\u00e4ndigkeit und Aktualit\u00e4t der Inhalte k\u00f6nnen wir jedoch keine Gew\u00e4hr \u00fcbernehmen. Als Dienstanbieter sind wir gem\u00e4\u00df \u00a7 7 Abs.1 TMG f\u00fcr eigene Inhalte auf diesen Seiten nach den allgemeinen Gesetzen verantwortlich. Nach \u00a7\u00a7 8 bis 10 TMG sind wir als Dienstanbieter jedoch nicht verpflichtet, \u00fcbermittelte oder gespeicherte fremde Informationen zu \u00fcberwachen oder nach Umst\u00e4nden zu forschen, die auf eine rechtswidrige T\u00e4tigkeit hinweisen. Verpflichtungen zur Entfernung oder Sperrung der Nutzung von Informationen nach den allgemeinen Gesetzen bleiben hiervon unber\u00fchrt. Eine diesbez\u00fcgliche Haftung ist jedoch erst ab dem Zeitpunkt der Kenntnis einer konkreten Rechtsverletzung m\u00f6glich. Bei Bekanntwerden von entsprechenden Rechtsverletzungen werden wir diese Inhalte umgehend entfernen.<\/p>\n\n\n\n<p>Haftung f\u00fcr Links und deren Inhalt<\/p>\n\n\n\n<p class=\"has-small-font-size\">\u00dcber unsere (Psythera OG beziehungsweise www.psychotherapie-bliem.at) Website k\u00f6nnen Links zu anderen Websites oder Ressourcen bereitgestellt werden. Da wir keinerlei Einfluss auf diese Websites haben, k\u00f6nnen wir keine Haftung f\u00fcr deren Verf\u00fcgbarkeit \u00fcbernehmen, noch k\u00f6nnen wir Inhalte, Werbungen, Produkte oder sonstiges Material, das auf oder \u00fcber solche Websites oder Ressourcen erh\u00e4ltlich ist, empfehlen oder daf\u00fcr irgendeine Verantwortung oder Haftung \u00fcbernehmen. Weiters \u00fcbernehmen wir keine direkte oder indirekte Verantwortung oder Haftung f\u00fcr Sch\u00e4den oder Verluste, die durch oder in Verbindung mit der Verwendung oder dem Vertrauen auf solche Inhalte, Waren oder Dienstleistungen, die \u00fcber extern verkn\u00fcpfte Websites oder Ressourcen erh\u00e4ltlich sind, verursacht werden oder angeblich verursacht wurden.<br>Die verlinkten Seiten wurden zum Zeitpunkt der Verlinkung auf m\u00f6gliche Rechtsverst\u00f6\u00dfe \u00fcberpr\u00fcft. Rechtswidrige Inhalte waren zum Zeitpunkt der Verlinkung nicht erkennbar. Eine permanente inhaltliche Kontrolle der verlinkten Seiten ist jedoch ohne konkrete Anhaltspunkte einer Rechtsverletzung nicht zumutbar. Bei Bekanntwerden von Rechtsverletzungen werden wir derartige Links umgehend entfernen.<\/p>\n\n\n\n<p>Bildernachweis<\/p>\n\n\n\n<p class=\"has-small-font-size\">photo lounge<br>www.photo-lounge.at<\/p>\n","protected":false},"excerpt":{"rendered":"<p>Information gem\u00e4\u00df \u00a7 5 E-Commerce-Gesetz und Offenlegung gem\u00e4\u00df \u00a7 25 MediengesetzDiensteanbieter und Medieninhaber, f\u00fcr den Inhalt verantwortlich Mag. G\u00fcnther BliemPraxis f\u00fcr Psychotherapie Siedlung 1394843 Ampflwang Mobile: +43 680 2101267Email: praxis@psychotherapie-bliem.atWeb: http:\/\/www.psychotherapie-bliem.at Haftungsausschluss Alle Angaben in diesem Dokument\/Website dienen nur der Erstinformation und k\u00f6nnen keine rechtliche oder sonstige Beratung sein oder ersetzen. Daher \u00fcbernehmen wir keine &hellip; <a href=\"https:\/\/psychotherapie-bliem.at\/index.php\/impressum\/\" class=\"more-link\"><span class=\"screen-reader-text\">\u201eImpressum\u201c<\/span> weiterlesen<\/a><\/p>\n","protected":false},"author":1,"featured_media":0,"parent":0,"menu_order":0,"comment_status":"closed","ping_status":"closed","template":"","meta":[],"_links":{"self":[{"href":"https:\/\/psychotherapie-bliem.at\/index.php\/wp-json\/wp\/v2\/pages\/21"}],"collection":[{"href":"https:\/\/psychotherapie-bliem.at\/index.php\/wp-json\/wp\/v2\/pages"}],"about":[{"href":"https:\/\/psychotherapie-bliem.at\/index.php\/wp-json\/wp\/v2\/types\/page"}],"author":[{"embeddable":true,"href":"https:\/\/psychotherapie-bliem.at\/index.php\/wp-json\/wp\/v2\/users\/1"}],"replies":[{"embeddable":true,"href":"https:\/\/psychotherapie-bliem.at\/index.php\/wp-json\/wp\/v2\/comments?post=21"}],"version-history":[{"count":4,"href":"https:\/\/psychotherapie-bliem.at\/index.php\/wp-json\/wp\/v2\/pages\/21\/revisions"}],"predecessor-version":[{"id":41,"href":"https:\/\/psychotherapie-bliem.at\/index.php\/wp-json\/wp\/v2\/pages\/21\/revisions\/41"}],"wp:attachment":[{"href":"https:\/\/psychotherapie-bliem.at\/index.php\/wp-json\/wp\/v2\/media?parent=21"}],"curies":[{"name":"wp","href":"https:\/\/api.w.org\/{rel}","templated":true}]}}