{"id":99,"date":"2022-02-13T19:21:29","date_gmt":"2022-02-13T19:21:29","guid":{"rendered":"https:\/\/psychotherapie-bliem.at\/?page_id=99"},"modified":"2022-02-13T19:21:29","modified_gmt":"2022-02-13T19:21:29","slug":"mag-guenther-bliem","status":"publish","type":"page","link":"https:\/\/psychotherapie-bliem.at\/index.php\/mag-guenther-bliem\/","title":{"rendered":"Mag. G\u00fcnther Bliem"},"content":{"rendered":"\n<p class=\"has-text-align-left\">geb. 1974<\/p>\n\n\n\n<p class=\"has-text-align-left\">Vater von zwei Kindern<\/p>\n\n\n\n<div class=\"wp-block-image\"><figure class=\"aligncenter is-resized\"><img decoding=\"async\" loading=\"lazy\" src=\"https:\/\/psythera.at\/wp-content\/uploads\/2021\/10\/Guenther_127-scaled-e1633896238127-658x1024.jpg\" alt=\"\" class=\"wp-image-5395\" width=\"378\" height=\"588\"\/><\/figure><\/div>\n\n\n\n<p><\/p>\n\n\n\n<p class=\"has-text-align-center\"><strong>Ausbildungen und Berufserfahrung in<\/strong><\/p>\n\n\n\n<p class=\"has-text-align-center\">Transaktionsanalytischer Psychotherapie (<a href=\"https:\/\/oeata.at\/therapeutinnen\/\">\u00d6ATA<\/a>, <a href=\"https:\/\/www.psychotherapie.at\/\">\u00d6BVP<\/a>, <a href=\"https:\/\/www.ooelp.at\/\">O\u00d6LP<\/a>)<\/p>\n\n\n\n<p class=\"has-text-align-center\">Psychologische Beratung (<a href=\"https:\/\/www.youtube.com\/watch?v=V_fzUEMbCX0\">LSB<\/a>, <a href=\"https:\/\/www.lebensberater.at\/fortbildung\/zertifizierte-ausbildung-zur-lebens-und-sozialberatung\">WKO<\/a>)<\/p>\n\n\n\n<p class=\"has-text-align-center\">S\u00e4uglings- Kinder- und Jugendlichenpsychotherapie (<a href=\"https:\/\/www.psychotherapie.at\/skj-pt\">\u00d6BVP<\/a>)<\/p>\n\n\n\n<p class=\"has-text-align-center\">Psychoanalytische P\u00e4dagogik (<a href=\"https:\/\/www.uibk.ac.at\/index.html.de\">Uni Innsbruck<\/a>)<\/p>\n\n\n\n<p class=\"has-text-align-center\">Sozialarbeit (<a href=\"https:\/\/www.fh-salzburg.ac.at\/studium\/sowi\/soziale-arbeit-bachelor\">Akademie f\u00fcr Sozialarbeit &#8211; Salzburg<\/a>)<\/p>\n\n\n\n<p class=\"has-text-align-center\">Bindungsbasierte Therapie mit S\u00e4uglingen\/Kindern\/Eltern (bei <a href=\"http:\/\/claudine-calvet.eu\/index.htm\">Claudine Calvet &#8211; Berlin<\/a>)<\/p>\n\n\n\n<p class=\"has-text-align-center\">Familientherapie<\/p>\n\n\n\n<p class=\"has-text-align-center\">Supervision &amp; Coaching<\/p>\n\n\n\n<p class=\"has-text-align-center\"><\/p>\n","protected":false},"excerpt":{"rendered":"<p>geb. 1974 Vater von zwei Kindern Ausbildungen und Berufserfahrung in Transaktionsanalytischer Psychotherapie (\u00d6ATA, \u00d6BVP, O\u00d6LP) Psychologische Beratung (LSB, WKO) S\u00e4uglings- Kinder- und Jugendlichenpsychotherapie (\u00d6BVP) Psychoanalytische P\u00e4dagogik (Uni Innsbruck) Sozialarbeit (Akademie f\u00fcr Sozialarbeit &#8211; Salzburg) Bindungsbasierte Therapie mit S\u00e4uglingen\/Kindern\/Eltern (bei Claudine Calvet &#8211; Berlin) Familientherapie Supervision &amp; Coaching<\/p>\n","protected":false},"author":1,"featured_media":0,"parent":0,"menu_order":0,"comment_status":"closed","ping_status":"closed","template":"","meta":[],"_links":{"self":[{"href":"https:\/\/psychotherapie-bliem.at\/index.php\/wp-json\/wp\/v2\/pages\/99"}],"collection":[{"href":"https:\/\/psychotherapie-bliem.at\/index.php\/wp-json\/wp\/v2\/pages"}],"about":[{"href":"https:\/\/psychotherapie-bliem.at\/index.php\/wp-json\/wp\/v2\/types\/page"}],"author":[{"embeddable":true,"href":"https:\/\/psychotherapie-bliem.at\/index.php\/wp-json\/wp\/v2\/users\/1"}],"replies":[{"embeddable":true,"href":"https:\/\/psychotherapie-bliem.at\/index.php\/wp-json\/wp\/v2\/comments?post=99"}],"version-history":[{"count":3,"href":"https:\/\/psychotherapie-bliem.at\/index.php\/wp-json\/wp\/v2\/pages\/99\/revisions"}],"predecessor-version":[{"id":102,"href":"https:\/\/psychotherapie-bliem.at\/index.php\/wp-json\/wp\/v2\/pages\/99\/revisions\/102"}],"wp:attachment":[{"href":"https:\/\/psychotherapie-bliem.at\/index.php\/wp-json\/wp\/v2\/media?parent=99"}],"curies":[{"name":"wp","href":"https:\/\/api.w.org\/{rel}","templated":true}]}}